
271041
In base 6, what is 353353500 - -4?
353353504
In base 13, what is 1042a8 - 19?
10428c
In base 10, what is -556403 + 2?
-556401
In base 15, what is 1c58 + -1328?
930
In base 13, what is 5a58 + 889?
6614
In base 10, what is 10796 - 11735?
-939
In base 11, what is -68 - -8164?
80a7
In base 9, what is 1621331 + 201?
1621532
In base 4, what is 1002232022000 - -10?
1002232022010
In base 10, what is 80 - 13878?
-13798
In base 6, what is -242341 + -111152?
-353533
In base 16, what is -2fc4 - 138?
-30fc
In base 10, what is -3156 - 21109?
-24265
In base 9, what is -5726826 + 87?
-5726728
In base 7, what is 20 - -151663102?
151663122
In base 10, what is 16998 - -13542?
30540
In base 9, what is -5 - -33006550?
33006544
In base 12, what is -5b5ba - 36?
-5b634
In base 2, what is 1101 + 110110000100001000010?
110110000100001001111
In base 13, what is -620158 - 6?
-620161
In base 15, what is -1c3918b + -17?
-1c391a3
In base 7, what is -352231262 - 1?
-352231263
In base 4, what is 31013220100131 + -10?
31013220100121
In base 11, what is 595476 + -11?
595465
In base 9, what is -130 - -8080?
7850
In base 9, what is -2 - 5106467?
-5106470
In base 5, what is -201203 - -12440?
-133213
In base 15, what is -5b48e1 - 2?
-5b48e3
In base 12, what is 1037 - -589?
1604
In base 6, what is -34 - 24432230?
-24432304
In base 10, what is -32611 + 10213?
-22398
In base 9, what is -316 - -31770?
31453
In base 16, what is -1ff + -1205?
-1404
In base 16, what is ec3 - 1373e?
-1287b
In base 8, what is 23676 - -1207?
25105
In base 11, what is -68 + -1660055?
-1660112
In base 8, what is -21556 + 33010?
11232
In base 15, what is 218 + -12550?
-12337
In base 15, what is e + -98bd7?
-98bc8
In base 15, what is -92 - -184a2?
18410
In base 13, what is -5 - bb1141?
-bb1146
In base 9, what is -5 + 277015757?
277015752
In base 15, what is -8765 + 14a?
-861a
In base 11, what is -4713 + -2733a?
-30a52
In base 5, what is 30021033 - -110?
30021143
In base 12, what is -1773 + 16749?
14b96
In base 15, what is 33 + -21518?
-214d5
In base 7, what is 346 + 645254?
645633
In base 9, what is -2 - -155763811?
155763808
In base 16, what is f00e - -83?
f091
In base 11, what is -7a23930 + -1?
-7a23931
In base 16, what is 1e1fab + 2?
1e1fad
In base 7, what is -46142522352 + -2?
-46142522354
In base 15, what is 2053116 - 2?
2053114
In base 7, what is -4 - -2600264511?
2600264504
In base 5, what is 43340324 + -10?
43340314
In base 10, what is -134486329 - -5?
-134486324
In base 13, what is 1275 + 105308?
106580
In base 9, what is -81178131 + 12?
-81178118
In base 5, what is -14043313144 + -10?
-14043313204
In base 15, what is -b4 - -66182?
660bd
In base 10, what is -463 + -334232?
-334695
In base 4, what is 22101 + -111323123?
-111301022
In base 14, what is 22d7bd + -c?
22d7b1
In base 15, what is 1 - 1a49b15?
-1a49b14
In base 10, what is 585 - 70413?
-69828
In base 8, what is -110056771 + -1?
-110056772
In base 2, what is -111 + 100010000010101000011?
100010000010100111100
In base 9, what is -102 + 6383528?
6383426
In base 13, what is -c72 - -789?
-4b6
In base 15, what is 1e0c4c - 9?
1e0c43
In base 16, what is 45d - 36d7e?
-36921
In base 6, what is -1214 - -14454533?
14453315
In base 4, what is 103 - 2321110?
-2321001
In base 9, what is 562573 + -186?
562376
In base 8, what is -5 + -17423123?
-17423130
In base 7, what is -43331216 - 2?
-43331221
In base 15, what is 181 - -1884b?
189cc
In base 3, what is -102202020122 + 1222002?
-102200021120
In base 7, what is -420361664 + 0?
-420361664
In base 16, what is -6 - 7e3adf?
-7e3ae5
In base 3, what is 102122100200220 + 0?
102122100200220
In base 6, what is 5 - -230511200?
230511205
In base 4, what is -2023310300002 - -11?
-2023310233331
In base 13, what is -15614 - 250?
-15864
In base 13, what is 13386b01 + 3?
13386b04
In base 15, what is 1ce8a - -386?
1d321
In base 14, what is 1dd66ad2 - 5?
1dd66acb
In base 7, what is 4 + 41526010?
41526014
In base 7, what is -3036 - 4544610?
-4550646
In base 16, what is 116962 + 35?
116997
In base 13, what is -2521 + -133?
-2654
In base 10, what is -1548 - 544?
-2092
In base 3, what is 211222121001112 - 0?
211222121001112
In base 5, what is -14342004 - 333?
-14342342
In base 5, what is 3031 + -1021311?
-1013230
In base 9, what is -151 + 1276758?
1276607
In base 14, what is -189 + 14da3b?
14d892
In base 10, what is 4 + -21010349?
-21010345
In base 9, what is -61 - 320811?
-320872
In base 12, what is 7657970 + 69?
7657a19
In base 3, what is 11122211101121 - -1?
11122211101122
In base 4, what is -112233331 - 2112?
-112302103
In base 2, what is -11001100011000010100000001111 - -100?
-11001100011000010100000001011
In base 11, what is 5 - 13728766?
-13728761
In base 5, what is 121 + -112421101?
-112420430
In base 12, what is -10a - 2b4817?
-2b4925
In base 6, what is -504522055 + -4?
-504522103
In base 3, what is 100210020 - 102100221?
-1120201
In base 10, what is -1708015 - -23?
-1707992
In base 4, what is -31101013231 + 13?
-31101013212
In base 16, what is 59 - 57d9?
-5780
In base 11, what is 22080 - 3253?
19928
In base 15, what is c3384 - e?
c3375
In base 11, what is -60 - 23004?
-23064
In base 14, what is 26374 - -2793?
28b27
In base 5, what is 10433 + -44432?
-33444
In base 9, what is 104 + 3553487?
3553602
In base 10, what is 49 - -1413705?
1413754
In base 12, what is 247a - 16a1?
999
In base 6, what is -2112244333 + 1?
-2112244332
In base 13, what is 3b - 138223?
-1381b5
In base 7, what is 3 - 1326234545?
-1326234542
In base 2, what is 10101001000111001000 + 11101101?
10101001001010110101
In base 13, what is -4 + 4a1b0b0?
4a1b0a9
In base 6, what is 5040315 - 24?
5040251
In base 10, what is 4 + 20607563?
20607567
In base 2, what is 11 - -110001011110111011001?
110001011110111011100
In base 15, what is 7 + -24a9ac4?
-24a9abc
In base 9, what is 30428181 + 1?
30428182
In base 7, what is 50310 - 11326?
35651
In base 6, what is 1 - 532443415?
-532443414
In base 11, what is -1a5610 + -447?
-1a5a57
In base 13, what is -8b5156 + -46?
-8b519c
In base 2, what is -100011011110000110 - -101011?
-100011011101011011
In base 6, what is 2200020255 - -2?
2200020301
In base 14, what is -1974 + -8?
-197c
In base 5, what is -3411 - -12223022?
12214111
In base 8, what is -350304 - -427?
-347655
In base 14, what is 99b + 424?
dc1
In base 11, what is -25316 + 3350?
-21a76
In base 10, what is 3 + 347658475?
347658478
In base 13, what is -11b625 - 1c3?
-11b818
In base 4, what is 3011103301202 + -10?
3011103301132
In base 4, what is 21321 - 32103330?
-32022003
In base 13, what is -4a - -60a7b?
60a31
In base 16, what is 8a3c49 + d?
8a3c56
In base 7, what is -5556 - 1122143?
-1131032
In base 10, what is 14 + 545509?
545523
In base 2, what is -11111011001101100101 + -10?
-11111011001101100111
In base 12, what is 234 + -254b7?
-25283
In base 12, what is -10 - 179ba2?
-179bb2
In base 4, what is 1 + 110232120302130?
110232120302131
In base 12, what is 263479 - -4?
263481
In base 9, what is -164045706 - 3?
-164045710
In base 16, what is 63b6 - 4b7a?
183c
In base 3, what is 11022122002020 - 12?
11022122002001
In base 14, what is -515 - -2d6a?
2855
In base 10, what is 749669 - 379?
749290
In base 12, what is -78571 - -48a?
-780a3
In base 4, what is 11132 - -1130122312?
1130200110
In base 15, what is 1737 + -3b1?
1376
In base 7, what is 1346103160 - -1?
1346103161
In base 16, what is 28cc - -1703?
3fcf
In base 6, what is -1534 + 34421545?
34420011
In base 6, what is 31024104 + -2132?
31021532
In base 14, what is -60121 - 1b2c?
-61c4d
In base 15, what is -51 + bec74?
bec23
In base 9, what is -1583824 + -1086?
-1585021
In base 11, what is 10 + 148243a?
148244a
In base 8, what is 112737653 - 10?
112737643
In base 9, what is 316452 - -16?
316468
In base 5, what is 14 + 2021301234?
2021301303
In base 11, what is 51 - -18557?
185a8
In base 6, what is -1 + 3044431525?
3044431524
In base 8, what is 3456 - 23604?
-20126
In base 3, what is 10 - 201022111201?
-201022111121
In base 5, what is 1304034220 + 111?
1304034331
In base 10, what is 0 + -73664021?
-73664021
In base 14, what is 4 - 1bac52?
-1bac4c
In base 15, what is -1da + -13cc8?
-13eb3
In base 6, what is -5 + 2035445515?
2035445510
In base 2, what is -1000010110110011011110111 - 10?
-10000101101100110111110